{"id":2473,"date":"2023-08-26T11:45:54","date_gmt":"2023-08-26T14:45:54","guid":{"rendered":"https:\/\/www.landamigurumis.com.br\/wordpress\/?post_type=product&#038;p=2473"},"modified":"2025-12-03T12:27:43","modified_gmt":"2025-12-03T15:27:43","slug":"argola-didatica-capacidade-gastrica-do-rn","status":"publish","type":"product","link":"https:\/\/www.landamigurumis.com.br\/wordpress\/produto\/argola-didatica-capacidade-gastrica-do-rn\/","title":{"rendered":"Argola Did\u00e1tica Capacidade G\u00e1strica do RN &#8211; kit amamenta\u00e7\u00e3o"},"content":{"rendered":"","protected":false},"excerpt":{"rendered":"<p>Argola em madeira com esferas em croch\u00ea que demonstram a evolu\u00e7\u00e3o do est\u00f4mago do rec\u00e9m-nascido at\u00e9 os 30 dias de vida. Essa ferramenta ajuda aos profissionais que trabalham com Aleitamento Materno.<\/p>\n<p>A Argola ilustra a capacidade g\u00e1strica do rec\u00e9m nascido<span class=\"Apple-converted-space\">\u00a0<\/span><\/p>\n<p>1 dia &#8211; 5-7 ml<span class=\"Apple-converted-space\">\u00a0<\/span><\/p>\n<p>3 dias- 22-27ml<span class=\"Apple-converted-space\">\u00a0<\/span><\/p>\n<p>7 dias- 45-60mll<span class=\"Apple-converted-space\">\u00a0<\/span><\/p>\n<p>30 dias- 80-150ml<\/p>\n","protected":false},"featured_media":2475,"template":"","meta":{"advanced_seo_description":"","jetpack_seo_html_title":"","jetpack_seo_noindex":false},"product_brand":[],"product_cat":[212,74],"product_tag":[],"class_list":{"0":"post-2473","1":"product","2":"type-product","3":"status-publish","4":"has-post-thumbnail","6":"product_cat-outros","7":"product_cat-para-bebes","9":"first","10":"onbackorder","11":"shipping-taxable","12":"purchasable","13":"product-type-simple"},"jetpack_sharing_enabled":true,"_links":{"self":[{"href":"https:\/\/www.landamigurumis.com.br\/wordpress\/wp-json\/wp\/v2\/product\/2473","targetHints":{"allow":["GET"]}}],"collection":[{"href":"https:\/\/www.landamigurumis.com.br\/wordpress\/wp-json\/wp\/v2\/product"}],"about":[{"href":"https:\/\/www.landamigurumis.com.br\/wordpress\/wp-json\/wp\/v2\/types\/product"}],"wp:featuredmedia":[{"embeddable":true,"href":"https:\/\/www.landamigurumis.com.br\/wordpress\/wp-json\/wp\/v2\/media\/2475"}],"wp:attachment":[{"href":"https:\/\/www.landamigurumis.com.br\/wordpress\/wp-json\/wp\/v2\/media?parent=2473"}],"wp:term":[{"taxonomy":"product_brand","embeddable":true,"href":"https:\/\/www.landamigurumis.com.br\/wordpress\/wp-json\/wp\/v2\/product_brand?post=2473"},{"taxonomy":"product_cat","embeddable":true,"href":"https:\/\/www.landamigurumis.com.br\/wordpress\/wp-json\/wp\/v2\/product_cat?post=2473"},{"taxonomy":"product_tag","embeddable":true,"href":"https:\/\/www.landamigurumis.com.br\/wordpress\/wp-json\/wp\/v2\/product_tag?post=2473"}],"curies":[{"name":"wp","href":"https:\/\/api.w.org\/{rel}","templated":true}]}}